d(o) = 9*o**2 - 317 - o + 317. Let p(v) = v + 1. Let l be p(0). Give d(l).
8
Let r(t) = -t - 1. Let j(u) = u**2 - 2*u - 8. Let w be -15*(6/(-9) + 0). Suppose 3*q - w = 5*c, 7 = -4*c + 2*q - 3. Let x(d) = c*r(d) + j(d). What is x(-4)?
1
Suppose -3*m + 50 = 14. Let h = m + -11. Let u(y) = -9*y. Calculate u(h).
-9
Let w(n) be the third derivative of -n**6/120 + n**5/15 - n**4/8 + 4*n**2. Determine w(4).
-12
Let z(y) = -3*y**2 + 3*y + 5. Let k(d) = -7*d**2 + 7*d + 11. Let b(w) = -4*k(w) + 9*z(w). Let h(q) be the first derivative of b(q). Give h(-3).
-7
Let a(h) = -h**2 + 2*h + 1. Let f(j) = -5*j + 3. Let g be f(1). Determine a(g).
-7
Let a(w) = -w**2 + w + 1. Let u(f) = 12*f**3 - 4*f**2 + 4*f + 5. Let b(z) = 5*a(z) - u(z). Determine b(1).
-12
Let t(s) be the third derivative of s**6/60 + s**5/20 + s**4/12 - 11*s**2. Determine t(-2).
-8
Let g be (1*-8)/(-2) - 10. Let o(h) = -h**2 - 9*h - 8. Calculate o(g).
10
Let p(c) = -c**3 - 5*c**2 - c - 7. Let w = 11 - 16. Give p(w).
-2
Let k(g) = -10 - 10 + g + 31 - 8. Determine k(-4).
-1
Let j(t) = t**2 - 7*t - 5. Suppose 0*q + 5*q + 28 = x, 4 = -q. What is j(x)?
3
Let g(q) = -2*q + 1. Suppose 3*i - 4 + 16 = 0. Let v = i - -6. Determine g(v).
-3
Let x(t) be the third derivative of -t**4/8 - 5*t**3/6 + 4*t**2. Let o be 2/(-8) - 50/(-8). Let r be -8*(-2 + 15/o). Give x(r).
7
Let d(g) = -2*g + 8*g - 7*g - 6. What is d(-6)?
0
Let r(n) = n**2 + 5*n - 2. Let k(a) = -a**2 - 5*a + 6. Let g be k(-6). Suppose g = d + p + 5, -5 = 2*d + p - 4*p. Determine r(d).
-6
Suppose 2*i - 2 = -4*z, 4*i - 2*z = -0*i - 16. Let x(s) = 2*s**2 + 3*s - 3. Calculate x(i).
6
Let c(n) = 0*n**2 - 3*n + 3*n + 7*n - n**2. What is c(6)?
6
Let y(q) = -2*q**2 + 3*q + 2. Suppose -17 = -3*g + 7. Let n = g - 11. Let j(f) = -f**2 - 3*f + 3. Let d be j(n). Calculate y(d).
-7
Let b = 0 + 3. Let x(d) be the third derivative of -d**7/2520 - d**5/60 + 4*d**2. Let u(v) be the third derivative of x(v). Calculate u(b).
-6
Let a = 36 - 33. Let y(k) be the second derivative of k**5/30 - k**4/8 - k**3/2 - k**2 - 2*k. Let v(o) be the first derivative of y(o). What is v(a)?
6
Let g(d) = -d**3 + 4*d**2 - d - 4. Let o(v) = -v**3 - v**3 + 4*v**3 + 10*v + 12 - v**3 + 10*v**2. Let u be o(-9). Give g(u).
2
Suppose -2*n - 3*i - 10 = 0, -n = -i - 0*i + 15. Let x = n + 17. Let l(s) = s**2 - 6*s + 4. Give l(x).
4
Let k = 17 + -22. Let v(d) = d**2 + 5*d - 2. Give v(k).
-2
Let w = -1 + 3. Let k(b) = 5*b**2 + 1 - 4*b**w + b + 2*b + 0*b**2. Give k(-3).
1
Suppose -2*t - t = -18. Let n(z) = z**3 - 5*z**2 - 5*z - 4. Let m be n(t). Let u(r) = -2 + 6*r**2 - 3*r**2 + r + r**m - 2*r**2. Calculate u(2).
8
Let n(f) = 3*f + 4. Let u be (4/5)/((-2)/(-20)). Let k = u - 9. Let d = -5 - k. What is n(d)?
-8
Let w(o) = o + 1. Let j(n) = -10 + n**2 - n - n + 4*n. Let m(b) = -j(b) - 3*w(b). Give m(-5).
7
Let j(a) = -100*a + 101*a - 1 + a**2 - 3. Give j(-3).
2
Let h(s) be the second derivative of -s**5/20 + s**4/4 + s**3/6 + 5*s**2/2 + 6*s. Calculate h(4).
-7
Let t(m) = m**2 + 3*m + 2. Let r(z) = -2*z**2 - 7*z - 5. Let i(v) = 6*r(v) + 13*t(v). Give i(4).
0
Let b(c) = -c. Let i(l) = -l**2 + l + 6. Let r(f) = 5*b(f) - i(f). Give r(6).
-6
Let v = 44 - 43. Let n(x) = -15*x. Calculate n(v).
-15
Let q = 0 - -4. Suppose -5*d + 2*y = y - 22, 0 = 4*d - 4*y - 8. Let s(h) = -d*h - h + 1 + 4*h. What is s(q)?
-7
Suppose -5 - 3 = 2*p. Let s(h) = -h**2 - 5*h. Determine s(p).
4
Let i(l) = -43*l + 12*l + 11*l + 14*l. Let s be (1 - 1) + 4/1. Suppose -s*f - n - 1 = 0, f - 5*f = -3*n - 19. Give i(f).
-6
Suppose p - c = 0, -8 = -5*p + 3*c - 2*c. Suppose -3*y + 17 = p. Let f(w) = -w**3 + 0*w**2 - w**2 - y*w**2 - 4*w + 2 + 3. What is f(-5)?
0
Let q(h) = 6*h**2 - 13*h + 11*h - 3*h**3 + 4*h**3 - 7. Let j be ((-1)/(-3))/((-2)/(-12)). Let o be (-1 - 0)/(j/12). What is q(o)?
5
Let o(i) be the third derivative of -i**4/4 + i**3 - 3*i**2. Let u(b) = 2*b - 2. Let h(a) = 4*o(a) + 11*u(a). Give h(-2).
6
Let c(u) = -u**2 + 0*u**2 - u**3 - 7*u**3. Let o(l) = -l**2 + 11*l - 1. Suppose b = 3*y - 4*b - 58, -2*y + 4*b + 42 = 0. Let d be o(y). Determine c(d).
7
Let s(o) = -4*o - 7. Let r(h) = 7*h + 15. Let w(l) = -3*r(l) - 5*s(l). Give w(-7).
-3
Let k(o) = -1 + 6 - 3 - o. Determine k(2).
0
Let a(p) = -p**2 + 5*p + 9. Let h be a(7). Let s(m) = m**3 + 5*m**2 - m - 6. Give s(h).
-1
Suppose 7*m - 12 = 4*m. Let o be 1 + m - (-7 - -4). Let x(f) = 6*f + 5. Let g(v) = -17*v - 14. Let b(q) = o*x(q) + 3*g(q). Calculate b(2).
-8
Let l(p) = -3*p**3 + 11*p - 3*p**3 - 2*p**2 - 9*p - 1. Determine l(1).
-7
Let c(q) = -9*q**2 - 2*q + 4*q**2 + 4*q**2 + 1. Give c(2).
-7
Let j = -16 + 10. Let r(x) = x + 4. Let f be r(j). Let d(o) = 3*o + 2. Determine d(f).
-4
Let c be (2 - 0) + -3 - -4. Let k(j) = -4*j**3 - c*j + 3*j + 1 - j**2. Let r = 2 + -3. Give k(r).
4
Let z(w) = -3*w - 99. Let x be z(-33). Let l(j) = -j**2 - 7. What is l(x)?
-7
Let z(i) = -i**3 - 7*i**2 - 9*i + 2. Let b(p) = -p**2 - 1. Let v(q) = -3*b(q) - z(q). Let k be v(-9). Let d(f) = -3*f. Determine d(k).
-3
Let l(v) = -3*v**3 - v**2. Let r(a) = -2*a**2 + 1. Let f be r(0). Calculate l(f).
-4
Let m(t) = -4*t**3 - 2*t**2 - t. Let b be 64/(-11) - (-6)/(-33). Let n = 11 + b. Suppose -g - 16 = -n*r, 2*g + r + 1 = -2*g. Give m(g).
3
Let j(i) be the first derivative of i**3/3 - 5*i**2/2 - 4*i + 2. Let r(c) = 1 - 3*c**2 - c**3 + 5*c + 1 - 6*c. Let q be r(-3). Give j(q).
-4
Let c(u) be the second derivative of u**4/12 - 8*u. What is c(-1)?
1
Let f(r) = r**3 + 5*r**2 - 4*r. Suppose -7*t + 6*t = 6. Give f(t).
-12
Let v(s) be the second derivative of -7*s**6/720 + s**5/120 - 5*s**4/12 - s. Let i(z) be the third derivative of v(z). What is i(1)?
-6
Suppose c + 2*c = -9, 3*z = -c + 6. Suppose 5*b + 3*w - 13 = 0, z*w + 1 + 0 = 2*b. Let a(s) = s**3 - s**2 - s. Give a(b).
2
Let t(x) = x + 2. Let r be t(-1). Let d(q) = q**3 + 6*q**2 - 8*q - 5. Let p be d(-7). Let m(a) = -3 - a - 2*a + a**p - r. Determine m(3).
-4
Let l(f) = -2*f**2 + 7*f - 1. Let s(c) = c + 1. Let b(h) = l(h) - 2*s(h). Give b(3).
-6
Let m(j) = -22*j + 1. Let l be ((-90)/(-12) + -6)*(-2)/3. Determine m(l).
23
Let x(z) = -2*z - 7. Let f be 5 + -4 + 1*25. Suppose 29 = -4*g - 5*m, -4*m + f = -8*g + 3*g. Determine x(g).
5
Let k(w) = w**3 + 5*w**2 + 2*w + 6. Let h(t) = t**3 + 5*t**2 + 2*t + 5. Let x = 0 - 7. Let m(q) = x*h(q) + 6*k(q). Give m(-2).
-7
Let f(t) = 6*t + 3*t + 2*t - 1 + 0. Let s be (-8)/6 - 2/(-6). What is f(s)?
-12
Let a(d) = 3*d + 200 - 101 - 99. Calculate a(1).
3
Let h(s) = -s**2 + 5*s + 3. Suppose 4*q = -2*q + 24. What is h(q)?
7
Let d(k) = k**3 - k**2 + k + 5. Let p = 18 - 16. Suppose -3*i - 2*i - a = -1, p*a - 2 = i. Give d(i).
5
Let q(k) be the second derivative of k**5/20 - 3*k**4/4 + 7*k**3/6 + k**2 + 30*k. Calculate q(8).
-6
Let t(z) = 3*z - 2. Let b = 1 + 1. Give t(b).
4
Let q(l) = -l**2 + 4*l + 6. Let g be q(5). Let k = -3 + g. Let v(p) be the second derivative of p**3/6 - p**2 - 2*p. Calculate v(k).
-4
Let i(r) be the third derivative of r**5/60 - r**4/24 - r**3/2 + 2*r**2. Let v = -8 - -5. Calculate i(v).
9
Let p(b) = -3*b + 1. Let k be p(1). Let m = 13 - k. Let n be 0 + m/(-3) + 1. Let g(t) = t**3 + 5*t**2 + 2*t. Determine g(n).
8
Let x(w) = -w**2 + 6*w - 3. Suppose 4*m - 3*n - 15 = 2*n, -3*m + 13 = -2*n. Let o be x(m). Let f(h) = -h**3 - 9*h + o - 3*h**2 - 3*h**2 + 4*h. Give f(-5).
2
Let k be (-3)/(3 - 27/12). Let n be (6 + k)/(4/6). Let g(w) = -n*w - w**2 + w - 3*w. Determine g(-6).
-6
Let y(p) be the third derivative of p**5/120 - 7*p**4/24 + p**3/6 + 3*p**2. Let w(o) be the first derivative of y(o). Calculate w(6).
-1
Suppose -2*r - 8 = 0, r = 6*g - g - 4. Suppose t + g*t - 10 = 0. Suppose -4*v = -t - 10. Let k(b) = b**2 - 7*b + 6. What is k(v)?
-4
Let r(o) = 3*o**2 + o + 1. Let l be r(-1). Let d(g) = -4 + 0*g**3 + 3*g + 2*g**2 + g**l + g**2 + g**2. Calculate d(-3).
-4
Let v(f) be the third derivative of f**5/10 - f**4/24 - f**3/6 + 2*f**2. Let n(j) = 3*j + 2. Let h be n(-1). Determine v(h).
6
Suppose n - 5*l - 4 = 26, -4*l - 56 = -4*n. Let a(t) = t**3 - 9*t**2 - 10*t + 8. What is a(n)?
8
Let n(w) = w + 2. Let u be n(2). Let q(l) be the third derivative of l**5/60 - 7*l**4/24 + 5*l**3/6 + 3*l**2. Determine q(u).
-7
Suppose -5*i = -i - 28. Let p(j) = j**2 - 9*j + 2. What is p(i)?
-12
Let b be 10/(-8)*2/(-5). Let n(